hest common factor of 215920 and 100?
20
What is the greatest common factor of 265853 and 326?
163
Calculate the highest common divisor of 13926 and 858.
66
Calculate the highest common divisor of 215195 and 3791.
223
Calculate the highest common factor of 136 and 14348.
68
What is the highest common factor of 868394 and 34?
34
What is the highest common divisor of 1253 and 91?
7
What is the highest common factor of 15147 and 4199?
17
What is the greatest common divisor of 2800 and 15728?
16
What is the greatest common divisor of 1041 and 6?
3
Calculate the greatest common divisor of 300 and 79.
1
Calculate the greatest common divisor of 2640 and 1081520.
880
Calculate the highest common factor of 65 and 1042665.
65
Calculate the greatest common divisor of 470331 and 9.
9
Calculate the highest common divisor of 32193 and 876.
219
Calculate the greatest common factor of 15615 and 9.
9
Calculate the greatest common divisor of 1919103 and 3.
3
Calculate the greatest common divisor of 27720 and 44.
44
What is the greatest common divisor of 127 and 709?
1
What is the greatest common factor of 6346 and 2869?
19
What is the highest common factor of 671 and 160430?
61
What is the greatest common factor of 423 and 128451?
141
What is the greatest common factor of 100 and 4458050?
50
What is the greatest common divisor of 23 and 751318?
23
Calculate the greatest common factor of 484 and 3524.
4
What is the highest common divisor of 5824 and 96?
32
What is the greatest common factor of 1625108 and 76?
76
What is the highest common factor of 77553 and 462?
21
Calculate the greatest common divisor of 135 and 32790.
15
What is the greatest common factor of 657 and 16906581?
657
What is the highest common factor of 45 and 9468?
9
What is the highest common factor of 81141 and 387?
129
Calculate the greatest common factor of 8480 and 640.
160
What is the highest common divisor of 1428 and 262248?
84
Calculate the greatest common factor of 131796 and 11844.
252
Calculate the highest common divisor of 112450 and 2768.
346
Calculate the highest common divisor of 37249 and 386.
193
What is the greatest common factor of 108224 and 114?
38
Calculate the highest common divisor of 14892 and 462.
6
What is the greatest common divisor of 39204 and 4719?
363
Calculate the highest common factor of 42 and 190358.
14
Calculate the greatest common divisor of 135 and 74844.
27
What is the highest common factor of 1305 and 6485?
5
Calculate the greatest common divisor of 4171 and 3589.
97
What is the greatest common divisor of 41225 and 720613?
1649
Calculate the highest common factor of 11024 and 12932.
212
What is the greatest common divisor of 11244 and 690?
6
Calculate the greatest common factor of 4797 and 111397.
533
What is the greatest common divisor of 20273 and 95?
19
Calculate the greatest common factor of 158486 and 218.
218
What is the highest common divisor of 20 and 48386?
2
What is the greatest common divisor of 164 and 6683?
41
What is the highest common factor of 80058 and 330?
66
What is the highest common factor of 10734 and 33?
3
Calculate the highest common factor of 22 and 140789.
11
Calculate the greatest common divisor of 318343 and 23.
23
Calculate the highest common factor of 20820 and 132.
12
What is the highest common divisor of 517344 and 544?
544
What is the greatest common factor of 6038844 and 1218?
1218
What is the greatest common factor of 9121 and 161?
7
What is the greatest common divisor of 891 and 27126?
99
What is the highest common factor of 230 and 1119525?
115
What is the greatest common divisor of 1632 and 8840544?
1632
Calculate the greatest common factor of 32 and 803536.
16
Calculate the greatest common factor of 41402 and 3586.
326
What is the greatest common factor of 945837 and 9?
9
Calculate the greatest common factor of 64 and 68.
4
What is the highest common factor of 6697 and 5792?
181
Calculate the greatest common divisor of 39 and 10780237.
13
What is the highest common factor of 2581 and 2117?
29
Calculate the greatest common divisor of 52 and 10218.
26
Calculate the greatest common divisor of 49818 and 5106.
138
What is the greatest common factor of 4352 and 26656?
544
What is the highest common divisor of 498 and 332?
166
Calculate the greatest common divisor of 11767 and 7.
7
What is the highest common divisor of 1187957 and 6632?
829
Calculate the highest common divisor of 19581 and 102114.
183
Calculate the greatest common divisor of 120 and 41352.
24
Calculate the greatest common factor of 89 and 975173.
89
Calculate the highest common factor of 9478 and 4606.
14
What is the highest common factor of 30627 and 17343?
369
What is the highest common factor of 644 and 1292830?
322
Calculate the greatest common factor of 928 and 1073.
29
Calculate the greatest common divisor of 1104 and 13368.
24
Calculate the greatest common factor of 9688 and 226284.
692
What is the highest common divisor of 36804 and 108?
12
Calculate the greatest common divisor of 3146 and 290279.
121
What is the highest common factor of 2898 and 7056?
126
What is the greatest common divisor of 305 and 39650?
305
Calculate the greatest common divisor of 108466 and 49022.
386
What is the highest common factor of 49743 and 18?
9
Calculate the highest common factor of 3 and 13191.
3
What is the greatest common divisor of 293336 and 888?
296
What is the highest common factor of 255 and 949705?
85
What is the greatest common factor of 104 and 375908?
52
What is the greatest common factor of 3512424 and 1488?
744
Calculate the highest common factor of 75645 and 410.
205
Calculate the highest common factor of 24 and 8078676.
12
What is the greatest common factor of 5152 and 4462?
46
What is the highest common factor of 1763 and 18327?
41
Calculate the greatest common factor of 929663 and 826.
413
What is the greatest common divisor of 177202 and 3772?
82
What is the highest common divisor of 1713 and 50819?
571
Calculate the greatest common factor of 596 and 16.
4
What is the greatest common factor of 98547 and 8667?
321
Calculate the greatest common divisor of 210 and 3210.
30
Calculate the greatest common factor of 350 and 14350.
350
What is the greatest common divisor of 15945 and 195?
15
Calculate the highest common factor of 1924 and 23140.
52
What is the greatest common divisor of 42 and 183822?
6
Calculate the greatest common divisor of 318 and 59996.
106
What is the greatest common divisor of 188024 and 1159?
19
Calculate the highest common divisor of 99734 and 94.
94
Calculate the highest common divisor of 171 and 99.
9
Calculate the highest common factor of 442 and 48926.
34
What is the greatest common factor of 6042 and 10176?
318
What is the greatest common factor of 15048 and 4392?
72
Calculate the greatest common divisor of 350 and 764225.
175
What is the greatest common factor of 3095 and 430?
5
Calculate the greatest common divisor of 39964 and 6984.
388
What is the greatest common factor of 9022 and 130?
26
What is the highest common factor of 1926 and 72?
18
Calculate the highest common factor of 12 and 5330484.
12
What is the highest common divisor of 22 and 16528?
2
What is the greatest common factor of 455 and 595595?
455
Calculate the greatest common divisor of 41250 and 198.
66
Calculate the highest common divisor of 44 and 31504.
44
What is the highest common divisor of 6808 and 1554?
74
What is the highest common factor of 275 and 17369?
11
What is the greatest common divisor of 16730 and 120?
10
What is the highest common divisor of 5302 and 19762?
482
What is the greatest common factor of 74195 and 11?
11
What is the greatest common divisor of 4386 and 55212?
258
What is the greatest common factor of 9 and 571275?
9
What is the highest common factor of 224 and 3232?
32
Calculate the greatest common factor of 465 and 25482.
93
What is the greatest common divisor of 6435 and 4815?
45
What is the highest common factor of 3317 and 3007?
31
What is the highest common divisor of 209 and 152?
19
What is the highest common factor of 2352 and 1113?
21
What is the greatest common factor of 22 and 1498178?
22
Calculate the greatest common divisor of 72 and 12564.
36
What is the highest common divisor of 296 and 9953?
37
What is the gr